) + (-40)/70. Suppose -7 = -2*f + 23. What is the highest common divisor of r and f?
15
Let c(j) = -j**2 - 19*j + 59. Let v be c(-21). Calculate the highest common factor of v and 119.
17
Let o be (11 - (-2 + -1))/2. Let x = 35 - o. What is the greatest common factor of 4 and x?
4
Let p(z) = 3*z**2 + 1. Let k be p(-1). Let x be 3*k/3*10. What is the greatest common divisor of x and 10?
10
Let c = -68 - -98. Calculate the highest common factor of 45 and c.
15
Let h(o) be the first derivative of -o**3/3 - 7*o**2/2 + 4*o - 1. Let v be h(-6). What is the highest common factor of v and 10?
10
Let m = 72 - 39. Let x(b) = b**2 + 3*b - 7. Let h be x(-6). What is the highest common factor of h and m?
11
Suppose o = -5*d - 0*o + 379, 3*d - 232 = 4*o. Calculate the greatest common divisor of d and 114.
38
Suppose -31 = -f - 7. Let l = 3 - 0. What is the greatest common factor of l and f?
3
Let n(l) = -3*l**2 + 3*l - 7. Let f(q) = -q**2. Let a(d) = -4*f(d) + n(d). Let s be a(-5). Calculate the highest common divisor of s and 27.
3
Let z(y) = 1. Let p(q) = -q**2 + 9*q - 10. Let i(b) = -p(b) + z(b). Let o = -8 + 16. Let h be i(o). Calculate the greatest common divisor of h and 3.
3
Let r = 75 + -65. What is the highest common divisor of 110 and r?
10
Let s be 2 - 1 - (-2 + 1). Let l be 3/(-9) - 55/(-3). What is the highest common factor of s and l?
2
Let d be (1 - 0)/(2/4). Let m(i) = 5 + i**3 - 3*i + 5*i**d + 5*i**2 - 4*i**2. Let n be m(-5). Calculate the greatest common divisor of 9 and n.
9
Let y = 4 + 1. Suppose 5*x - 383 + 138 = 0. Let g = -29 + x. Calculate the greatest common divisor of g and y.
5
Suppose -45 = 2*u - 7*u. Let w(k) = k**2 - 7*k - 8. Let b be w(u). Let n be (-3 - -1)/((-1)/2). Calculate the highest common divisor of b and n.
2
Suppose -3*m + 0*n = 2*n - 51, n = 3. What is the greatest common factor of 15 and m?
15
Suppose 3*s + 3*j - 252 = 0, 284 = 3*s - 6*j + j. What is the highest common factor of 22 and s?
22
Let x(l) be the first derivative of -l**4/4 - 7*l**3/3 + 7*l**2/2 + 8*l + 7. Let k be x(-8). Calculate the highest common divisor of k and 8.
8
Let r(p) = -p**3 - 7*p**2 + 8. Let g be r(-7). Calculate the highest common divisor of 2 and g.
2
Let z be (30/8 + -3)*4. Suppose v = -4*x - 3 + 8, v = z*x - 2. Calculate the highest common factor of 7 and v.
1
Let j be ((-54)/8)/(1/(-4)). Let a(h) = -2*h + 3. Let l be a(0). Let q be (3/(-2))/(l/(-18)). Calculate the greatest common factor of q and j.
9
Let d = 7 + -4. Suppose p - t = -p + 117, -t = d*p - 183. Calculate the greatest common divisor of 24 and p.
12
Let a = 97 - 85. Calculate the highest common factor of 12 and a.
12
Suppose 127 = 15*z - 308. What is the greatest common divisor of z and 116?
29
Let m(h) = 50*h**3 - 2*h + 2. Let p be m(2). Suppose l - p = -3*i, -l - 103 = -3*i + 297. Calculate the highest common factor of i and 19.
19
Let v = -12 - -20. Calculate the greatest common factor of 4 and v.
4
Suppose -2*w - 410 = -4*r, 5*r + 0*w + 3*w = 529. What is the highest common factor of r and 13?
13
Let v(m) = m**3 - 13*m**2 + 6*m - 18. Let r be v(13). Calculate the highest common factor of r and 15.
15
Let i be (-3 - -4 - 2)/(2/(-32)). What is the highest common factor of i and 2?
2
Let d = 5 - 2. Let j(a) = a**3 - 2*a**2 - 3*a + 2. Let o be j(d). Let h be 2*o/8*2. What is the highest common divisor of 7 and h?
1
Let y(g) = 2*g**2 - 25*g - 13. Let o(j) = 3*j**2 - 38*j - 20. Let f(q) = 5*o(q) - 8*y(q). Let i be f(10). Calculate the highest common factor of 2 and i.
2
Let g = 14 + -5. Let c be (-55*3)/(g/(-6)). What is the highest common factor of 10 and c?
10
Suppose -2*m + 5*m = 24. Let v be (-13)/(-5) + m/20. Calculate the highest common divisor of 12 and v.
3
Suppose 0 = 2*z - 6. Let d be z/(-6) - 74/(-4). What is the greatest common factor of 198 and d?
18
Let c = 40 + 44. What is the greatest common divisor of c and 210?
42
Let f(o) = o**2 + 4*o + 2. Let k be f(4). What is the greatest common divisor of 374 and k?
34
Let y be 0 - (4 - -29)/(-1). Calculate the highest common divisor of y and 33.
33
Let u(n) = 2*n**2 - 7*n + 14. Let p(d) = -2*d**2 + 8*d - 15. Let v(t) = 4*p(t) + 5*u(t). Let i be v(4). What is the greatest common factor of 12 and i?
6
Suppose 4*d = 2*d + 200. What is the highest common factor of 250 and d?
50
Suppose -5*z + 122 = -18. Calculate the highest common factor of z and 14.
14
Suppose -15 = -j + 15. Calculate the greatest common divisor of 12 and j.
6
Let u(y) = y + 10. Let a be u(-8). Suppose -5*d = -13 - a. What is the highest common factor of d and 9?
3
Let y = 16 + -11. Let k be 15 - 0/(4 + -1). Calculate the highest common factor of y and k.
5
Let s = 101 + -71. What is the highest common factor of 75 and s?
15
Let y be (-1*1)/(4/(-20)). Calculate the highest common divisor of y and 2.
1
Suppose -60 = -5*m + 4*m. What is the highest common divisor of 12 and m?
12
Suppose -f = -3 - 13. What is the highest common factor of 176 and f?
16
Let v be -30*(0 + (-20)/25). What is the highest common factor of v and 96?
24
Let z be 0 + (3 - 4) - 2 - -27. Let g be (-60)/(((-3)/(-3))/(-1)). Calculate the greatest common divisor of z and g.
12
Let f be (3*2)/((-3)/2). Let t be (1*(1 - 1))/(-2). Let j be 26 - f/(t - -2). Calculate the greatest common factor of j and 14.
14
Let n = -4 - -4. Suppose 5*u = -c + 32, 19 = 4*u - n*u + 3*c. What is the greatest common divisor of 14 and u?
7
Let h be -2 + (-15 - (-1 + 0)). Let i = h + 22. Suppose -2*x + 14 + 4 = 0. Calculate the highest common divisor of x and i.
3
Suppose 4*y = -n + 10, -4*y = 4*n - 3*y + 5. Let k be 63/n*12/(-9). What is the greatest common factor of k and 63?
21
Let i(z) = 4*z + 10. Let k(l) = -1. Let j(y) = i(y) + 5*k(y). Let g be j(4). Suppose -5*r + 197 = -328. Calculate the greatest common factor of r and g.
21
Let q be (10/(-4) + 2)/(9/(-324)). What is the highest common divisor of q and 144?
18
Suppose -2*a = -5*a + 1428. Suppose 0 = -4*c + a. What is the highest common factor of c and 17?
17
Let z(s) = -s**3 - 5*s + 3*s + 3*s. Let n be z(1). Suppose -5*c + 23 + 7 = n. What is the greatest common divisor of 2 and c?
2
Suppose 2*t - 31 = -1. Let p be 24/18*45/2. What is the greatest common factor of t and p?
15
Let k = -6 + 4. Let q be -2 - k - (2 + -2). Suppose 180 = -q*t + 3*t. What is the highest common factor of 12 and t?
12
Suppose -65 = -5*a - k, -a + 3*k - 41 = -5*a. Calculate the highest common divisor of 7 and a.
7
Let i be (-13)/(-1) + (-1 - 2). Let z = -94 + 164. Calculate the greatest common factor of z and i.
10
Let d(k) = -k**2 - 9*k. Let h be d(-6). Let y = h - 13. Calculate the greatest common divisor of y and 1.
1
Let t be (-1 + -9)/(4/(-22)). What is the highest common divisor of 44 and t?
11
Suppose 38*a = 35*a + 45. Calculate the highest common factor of 195 and a.
15
Let p(h) = 4*h**2 - 4*h + 5. Let t be p(-5). Let m(q) = q**3 + 6*q**2 + q - 3. Let f be m(-4). Calculate the highest common divisor of t and f.
25
Let s(u) = -u - 6. Let b be s(-8). Calculate the highest common factor of 3 and b.
1
Let s(k) = 2*k + 56. Let i be s(-18). What is the highest common factor of i and 20?
20
Suppose 7*i - 29 - 27 = 0. Suppose -133 = -2*n + a, n + 4*a - 38 = 6. What is the highest common factor of i and n?
8
Let d = 28 + -25. Suppose 2*y - 4*i = 8, -d = -i - 4. What is the highest common divisor of y and 4?
2
Let a = -11 + 18. Let u = a - -11. Suppose 8*f - 3*f - 3*k - 270 = 0, k = 0. Calculate the greatest common factor of f and u.
18
Let r = 278 - 110. Let x be r*((-6)/4)/(-3). Calculate the greatest common divisor of 12 and x.
12
Let c(j) = -8*j - 6. Let i be c(-1). Suppose 5*m = -2*v - 7, 2*m + 26 = -0*v + 5*v. What is the highest common factor of i and v?
2
Let g = 0 + 6. Suppose -4*k + 23 = 5*l, -2*l - 5*k + g = l. Calculate the highest common divisor of l and 28.
7
Let d(t) be the first derivative of 29*t**2/2 - 2*t + 4. Let p be d(-2). Let x = -4 - p. Calculate the highest common factor of x and 8.
8
Let f be (-336)/34 - 14/119. Let u = 16 + f. Let q be 74/3 - (-2)/(-3). Calculate the highest common factor of q and u.
6
Suppose -88 = d - 2*d. What is the greatest common factor of 22 and d?
22
Suppose -2*z + 1 = -z. Let j be 5 - (5 + (-2)/z). What is the greatest com